?
3, 1283
List the prime factors of 3.
3
List the prime factors of 1799.
7, 257
What are the prime factors of 714?
2, 3, 7, 17
List the prime factors of 22304.
2, 17, 41
List the prime factors of 684.
2, 3, 19
What are the prime factors of 1196?
2, 13, 23
List the prime factors of 23168.
2, 181
List the prime factors of 7428.
2, 3, 619
What are the prime factors of 1200?
2, 3, 5
List the prime factors of 91876.
2, 103, 223
List the prime factors of 40500.
2, 3, 5
List the prime factors of 552.
2, 3, 23
What are the prime factors of 4578?
2, 3, 7, 109
List the prime factors of 27799.
27799
List the prime factors of 58407.
3, 19469
What are the prime factors of 21979?
31, 709
What are the prime factors of 1815?
3, 5, 11
List the prime factors of 15420.
2, 3, 5, 257
What are the prime factors of 1497?
3, 499
What are the prime factors of 821?
821
List the prime factors of 78852.
2, 3, 6571
What are the prime factors of 538?
2, 269
What are the prime factors of 67744?
2, 29, 73
What are the prime factors of 87541?
87541
What are the prime factors of 1075?
5, 43
List the prime factors of 940.
2, 5, 47
What are the prime factors of 21007?
7, 3001
What are the prime factors of 6747?
3, 13, 173
What are the prime factors of 476?
2, 7, 17
What are the prime factors of 2140?
2, 5, 107
List the prime factors of 3921.
3, 1307
List the prime factors of 7257.
3, 41, 59
List the prime factors of 12051.
3, 13, 103
What are the prime factors of 90?
2, 3, 5
What are the prime factors of 2957?
2957
What are the prime factors of 2104?
2, 263
What are the prime factors of 1179?
3, 131
List the prime factors of 754.
2, 13, 29
What are the prime factors of 6740?
2, 5, 337
List the prime factors of 1589.
7, 227
What are the prime factors of 7476?
2, 3, 7, 89
List the prime factors of 57596.
2, 7, 11, 17
What are the prime factors of 581?
7, 83
What are the prime factors of 25341?
3, 8447
List the prime factors of 2316.
2, 3, 193
What are the prime factors of 14723?
14723
List the prime factors of 4059.
3, 11, 41
What are the prime factors of 13125?
3, 5, 7
List the prime factors of 34456.
2, 59, 73
What are the prime factors of 2261?
7, 17, 19
List the prime factors of 5937.
3, 1979
List the prime factors of 73015.
5, 17, 859
What are the prime factors of 7372?
2, 19, 97
What are the prime factors of 1633?
23, 71
List the prime factors of 1481.
1481
What are the prime factors of 309?
3, 103
What are the prime factors of 142623?
3, 13, 23, 53
What are the prime factors of 1838?
2, 919
What are the prime factors of 857?
857
List the prime factors of 210.
2, 3, 5, 7
What are the prime factors of 74?
2, 37
What are the prime factors of 489?
3, 163
What are the prime factors of 7187?
7187
List the prime factors of 1060.
2, 5, 53
List the prime factors of 1469.
13, 113
What are the prime factors of 16256?
2, 127
List the prime factors of 29546.
2, 11, 17, 79
List the prime factors of 59915.
5, 23, 521
List the prime factors of 206.
2, 103
What are the prime factors of 131048?
2, 16381
List the prime factors of 775.
5, 31
What are the prime factors of 100591?
100591
List the prime factors of 9914.
2, 4957
What are the prime factors of 7116?
2, 3, 593
List the prime factors of 17399.
127, 137
What are the prime factors of 2343?
3, 11, 71
What are the prime factors of 8855?
5, 7, 11, 23
What are the prime factors of 7046?
2, 13, 271
List the prime factors of 687.
3, 229
What are the prime factors of 154632?
2, 3, 17, 379
List the prime factors of 5214.
2, 3, 11, 79
List the prime factors of 2475.
3, 5, 11
List the prime factors of 55392.
2, 3, 577
What are the prime factors of 956?
2, 239
List the prime factors of 3659.
3659
What are the prime factors of 20?
2, 5
List the prime factors of 11726.
2, 11, 13, 41
List the prime factors of 14750.
2, 5, 59
List the prime factors of 7091.
7, 1013
What are the prime factors of 3424?
2, 107
What are the prime factors of 24667?
17, 1451
What are the prime factors of 2725?
5, 109
What are the prime factors of 10930?
2, 5, 1093
List the prime factors of 1229.
1229
What are the prime factors of 7789?
7789
List the prime factors of 1153.
1153
What are the prime factors of 339?
3, 113
List the prime factors of 5472.
2, 3, 19
List the prime factors of 10967.
11, 997
What are the prime factors of 1151?
1151
List the prime factors of 34750.
2, 5, 139
What are the prime factors of 77217?
3, 7, 3677
What are the prime factors of 736?
2, 23
List the prime factors of 60647.
60647
List the prime factors of 1372.
2, 7
List the prime factors of 2699.
2699
List the prime factors of 2957.
2957
List the prime factors of 4014.
2, 3, 223
List the prime factors of 11470.
2, 5, 31, 37
What are the prime factors of 1138?
2, 569
List the prime factors of 766.
2, 383
List the prime factors of 37798.
2, 18899
List the prime factors of 1557.
3, 173
What are the prime factors of 38351?
38351
List the prime factors of 835.
5, 167
What are the prime factors of 60496?
2, 19, 199
List the prime factors of 28623.
3, 7, 29, 47
What are the prime factors of 44019?
3, 67, 73
List the prime factors of 14682.
2, 3, 2447
What are the prime factors of 4352?
2, 17
List the prime factors of 12228.
2, 3, 1019
What are the prime factors of 1031?
1031
What are the prime factors of 969?
3, 17, 19
What are the prime factors of 1820?
2, 5, 7, 13
What are the prime factors of 20437?
107, 191
List the prime factors of 7552.
2, 59
List the prime factors of 604.
2, 151
What are the prime factors of 367?
367
What are the prime factors of 21595?
5, 7, 617
List the prime factors of 5690.
2, 5, 569
List the prime factors of 1005.
3, 5, 67
What are the prime factors of 2960?
2, 5, 37
What are the prime factors of 6490?
2, 5, 11, 59
What are the prime factors of 1791?
3, 199
What are the prime factors of 301?
7, 43
List the prime factors of 6760.
2, 5, 13
List the prime factors of 35868.
2, 3, 7, 61
What are the prime factors of 137864?
2, 19, 907
List the prime factors of 1766.
2, 883
List the prime factors of 2310.
2, 3, 5, 7, 11
What are the prime factors of 487?
487
What are the prime factors of 9466?
2, 4733
List the prime factors of 37903.
29, 1307
What are the prime factors of 2541?
3, 7, 11
List the prime factors of 31066.
2, 7, 317
List the prime factors of 50121.
3, 5569
List the prime factors of 2520.
2, 3, 5, 7
List the prime factors of 1638.
2, 3, 7, 13
What are the prime factors of 3998?
2, 1999
What are the prime factors of 10152?
2, 3, 47
What are the prime factors of 511?
7, 73
What are the prime factors of 3089?
3089
What are the prime factors of 9909?
3, 367
What are the prime factors of 1792?
2, 7
List the prime factors of 3715.
5, 743
What are the prime factors of 65137?
53, 1229
List the prime factors of 18387.
3, 227
List the prime factors of 11014.
2, 5507
What are the prime factors of 6778?
2, 3389
What are the prime factors of 29856?
2, 3, 311
What are the prime factors of 935?
5, 11, 17
List the prime factors of 1522.
2, 761
List the prime factors of 1415.
5, 283
What are the prime factors of 12675?
3, 5, 13
List the prime factors of 8899.
11, 809
List the prime factors of 1835.
5, 367
What are the prime factors of 67006?
2, 33503
List the prime factors of 8771.
7, 179
What are the prime factors of 7494?
2, 3, 1249
What are the prime factors of 322?
2, 7, 23
List the prime factors of 47.
47
What are the prime factors of 46985?
5, 9397
List the prime factors of 25151.
7, 3593
What are the prime factors of 83563?
83563
What are the prime factors of 1348?
2, 337
What are the prime factors of 2212?
2, 7, 79
List the prime factors of 1232.
2, 7, 11
What are the prime factors of 24833?
19, 1307
What are the prime factors of 429?
3, 11, 13
What are the prime factors of 32883?
3, 97, 113
List the prime factors of 39734.
2, 19867
What are the prime factors of 156934?
2, 78467
What are the prime factors of 1027?
13, 79
What are the prime factors of 121340?
2, 5, 6067
List the prime factors of 3383.
17, 199
List the prime factors of 4054.
2, 2027
What are the prime factors of 12279?
3, 4093
What are the prime factors of 4466?
2, 7, 11, 29
List the prime factors of 1118.
2, 13, 43
What are the prime factors of 2792?
2, 349
What are the prime factors of 919?
919
What are th